emainder when 5701707 is divided by 12422.
9
What is the remainder when 2484536 is divided by 16?
8
What is the remainder when 1339384 is divided by 167386?
296
Calculate the remainder when 761929 is divided by 7055.
7044
What is the remainder when 10196176 is divided by 1720?
16
Calculate the remainder when 227466 is divided by 5646.
1626
Calculate the remainder when 170544 is divided by 11509.
9418
Calculate the remainder when 45364014 is divided by 15121305.
99
Calculate the remainder when 2036291 is divided by 108.
59
What is the remainder when 128964 is divided by 8002?
932
Calculate the remainder when 57225022 is divided by 156.
10
What is the remainder when 1121442 is divided by 213?
210
Calculate the remainder when 2543832 is divided by 107.
14
What is the remainder when 54721727 is divided by 18240535?
122
What is the remainder when 63365389 is divided by 225?
214
Calculate the remainder when 858268 is divided by 284777.
3937
What is the remainder when 606139365 is divided by 3?
0
Calculate the remainder when 4949073 is divided by 3505.
13
Calculate the remainder when 83367045 is divided by 40.
5
Calculate the remainder when 171627006 is divided by 853.
847
What is the remainder when 4113194 is divided by 325?
319
What is the remainder when 175570 is divided by 1267?
724
Calculate the remainder when 152405 is divided by 152225.
180
What is the remainder when 328303198 is divided by 356?
354
Calculate the remainder when 5150623 is divided by 337.
252
What is the remainder when 1339564 is divided by 203?
170
What is the remainder when 10536543 is divided by 5268240?
63
What is the remainder when 63888 is divided by 643?
231
What is the remainder when 1252597 is divided by 17396?
85
Calculate the remainder when 976798 is divided by 16.
14
Calculate the remainder when 9449916 is divided by 6213.
6156
What is the remainder when 1420698 is divided by 355126?
194
Calculate the remainder when 2389062 is divided by 1035.
282
What is the remainder when 39756731 is divided by 1288?
35
Calculate the remainder when 94960 is divided by 13.
8
What is the remainder when 803149 is divided by 267712?
13
What is the remainder when 260588 is divided by 130291?
6
Calculate the remainder when 5053 is divided by 420.
13
Calculate the remainder when 297751 is divided by 1643.
368
What is the remainder when 78656 is divided by 604?
136
What is the remainder when 145810535 is divided by 3507?
3503
What is the remainder when 352368397 is divided by 3760?
3757
What is the remainder when 41914 is divided by 41843?
71
Calculate the remainder when 153356 is divided by 76653.
50
What is the remainder when 2556674 is divided by 1278317?
40
Calculate the remainder when 7050037 is divided by 453.
451
What is the remainder when 81265 is divided by 14?
9
What is the remainder when 423605 is divided by 60480?
245
Calculate the remainder when 17719973 is divided by 35.
33
Calculate the remainder when 32898 is divided by 32463.
435
Calculate the remainder when 414220246 is divided by 6233.
6231
Calculate the remainder when 31452291 is divided by 4603.
4595
What is the remainder when 34630303 is divided by 29?
11
Calculate the remainder when 233896 is divided by 3716.
3504
What is the remainder when 6889001 is divided by 664?
1
Calculate the remainder when 2216319 is divided by 1101.
6
Calculate the remainder when 20125741 is divided by 5039.
5014
Calculate the remainder when 58522961 is divided by 2297.
2292
Calculate the remainder when 71499 is divided by 1389.
660
What is the remainder when 16389494 is divided by 31?
11
What is the remainder when 721557537 is divided by 15?
12
What is the remainder when 43601 is divided by 21793?
15
What is the remainder when 235468871 is divided by 38?
9
What is the remainder when 4066 is divided by 2536?
1530
What is the remainder when 61262 is divided by 232?
14
What is the remainder when 1996787 is divided by 332793?
29
Calculate the remainder when 815677 is divided by 1348.
137
What is the remainder when 122686 is divided by 1043?
655
Calculate the remainder when 9556233 is divided by 12.
9
Calculate the remainder when 26035615 is divided by 136312.
23
What is the remainder when 79519 is divided by 71?
70
Calculate the remainder when 1618944 is divided by 26112.
0
Calculate the remainder when 809803 is divided by 7083.
2341
What is the remainder when 33766067 is divided by 192?
179
What is the remainder when 57036 is divided by 1389?
87
What is the remainder when 92883 is divided by 5154?
111
What is the remainder when 519030 is divided by 1867?
4
What is the remainder when 13650986 is divided by 133?
132
Calculate the remainder when 249960 is divided by 7191.
5466
What is the remainder when 4901376 is divided by 21?
18
Calculate the remainder when 7239336 is divided by 138.
132
What is the remainder when 1256185 is divided by 398?
97
What is the remainder when 2270570 is divided by 94606?
26
Calculate the remainder when 3458653 is divided by 494089.
30
What is the remainder when 1729551 is divided by 1624?
1615
What is the remainder when 412367 is divided by 412364?
3
Calculate the remainder when 9372961 is divided by 469.
465
What is the remainder when 7030024 is divided by 12?
4
What is the remainder when 39835436 is divided by 4535?
4531
Calculate the remainder when 883125 is divided by 176479.
730
Calculate the remainder when 114759 is divided by 16380.
99
What is the remainder when 75746 is divided by 4434?
368
Calculate the remainder when 89964 is divided by 46.
34
What is the remainder when 275824 is divided by 45940?
184
What is the remainder when 25409 is divided by 539?
76
Calculate the remainder when 942897 is divided by 942365.
532
What is the remainder when 213980 is divided by 209?
173
Calculate the remainder when 7300530 is divided by 178061.
29
What is the remainder when 3144429 is divided by 24?
21
What is the remainder when 3434173 is divided by 2357?
24
Calculate the remainder when 40036377 is divided by 16.
9
What is the remainder when 4869503 is divided by 96?
95
Calculate the remainder when 974381 is divided by 324791.
8
Calculate the remainder when 97818 is divided by 97778.
40
What is the remainder when 364193 is divided by 13488?
17
What is the remainder when 4313588 is divided by 69574?
0
Calculate the remainder when 131208 is divided by 32737.
260
What is the remainder when 72012 is divided by 22565?
4317
Calculate the remainder when 350626915 is divided by 184.
11
Calculate the remainder when 267165 is divided by 53341.
460
Calculate the remainder when 8836 is divided by 53.
38
What is the remainder when 1917089 is divided by 303?
8
What is the remainder when 2502569 is divided by 34725?
2369
Calculate the remainder when 1221799 is divided by 901.
43
What is the remainder when 2051059 is divided by 14971?
32
Calculate the remainder when 5305722 is divided by 2759.
165
What is the remainder when 53900373 is divided by 1086?
21
What is the remainder when 1397851 is divided by 279569?
6
Calculate the remainder when 15331004 is divided by 1281.
1277
Calculate the remainder when 9536047 is divided by 2690.
2687
Calculate the remainder when 3286497 is divided by 3151.
4
Calculate the remainder when 22942 is divided by 7420.
682
What is the remainder when 126995 is divided by 229?
129
What is the remainder when 434531 is divided by 54300?
131
What is the remainder when 291225 is divided by 555?
405
Calculate the remainder when 86059480 is divided by 4346.
4334
Calculate the remainder when 8891921 is divided by 754.
753
What is the remainder when 11790890 is divided by 11392?
170
What is the remainder when 321325 is divided by 45844?
417
Calculate the remainder when 660890 is divided by 20648.
154
What is the remainder when 2166509 is divided by 17?
12
What is the remainder when 2044583 is divided by 362?
7
What is the remainder when 1834638 is divided by 1834621?
17
What is the remainder when 1908097 is divided by 54517?
2
What is the remainder when 1638922 is divided by 204863?
18
What is the remainder when 1858907 is divided by 36446?
161
What is the remainder when 16275496 is divided by 88?
72
Calculate the remainder when 9504235 is divided by 4751962.
311
Calculate the remainder when 13482272 is divided